+ 101. Is b(17) composite?
True
Let j(t) = -69544*t - 11187. Is j(-5) a prime number?
True
Let z = -18859 + 43796. Is z prime?
False
Let t(i) = 55*i**2 + 1327*i - 61. Is t(-46) prime?
False
Let s(m) = -213*m + 89773. Is s(0) a composite number?
True
Let x = -13 - -32. Let l(f) = 13*f**2 - 29*f + 14. Let y be l(x). Suppose y = 12*w + 1144. Is w prime?
True
Suppose -10*x = -15*x + 4*p - 195, -4*x + p = 145. Suppose 4*g - 8*g - 5*v + 25 = 0, 3*g = 2*v - 10. Is x/(-1) - g/(-2) composite?
True
Let u = -672 - -594. Is u/(-104) - 3025/(-4) a composite number?
False
Let h(j) = 4*j + 15 - j**2 + 8*j - 3*j. Let b be h(10). Suppose 0*x + 3*d = b*x - 1420, 0 = -4*x + 5*d + 1123. Is x composite?
True
Let q = -421 + -92. Let l = 5266 - q. Is l prime?
True
Let a(f) = -f**3 - 29*f**2 - 23*f + 528. Is a(-29) composite?
True
Suppose -14*g = -3709 - 1457. Suppose v - 2548 = -g. Is v composite?
False
Suppose -5796 = -13*f + 6*f. Let h = f - 574. Is h composite?
True
Suppose 5*g - 690811 = 293*y - 295*y, 0 = -y - 3*g + 345404. Is y a prime number?
True
Suppose -8 = -2*s + 4*s, 2*s = -4*h + 12. Suppose 19449 = 5*r - r - 5*m, -5*r + h*m + 24310 = 0. Is r a prime number?
True
Let h be ((-62)/6 - -1) + (-92)/138. Let x be (-45)/h + -3 + 28/8. Suppose -x*c + 0*c = -2605. Is c a composite number?
False
Suppose 7*b = 5*c + 4*b - 384946, -5*b = c - 77006. Is c composite?
False
Suppose -88*v + 16 = -84*v. Suppose 2*g = v*x - 12, -10 - 2 = 3*g - 4*x. Suppose g = c - 4*f + 90 - 6385, 0 = 2*c + 5*f - 12590. Is c composite?
True
Let g(t) = -t**2 - 32*t + 21. Let p be g(-17). Suppose p = -4*o - 3*n - 120, -3*n - 99 = o. Is (-2)/(o/97 - -1) prime?
True
Suppose 5*p + 5*i - 7626205 = 0, 28 - 10 = -3*i. Is p composite?
True
Let x = -39 + 115. Let i = 79 - x. Suppose -q + 3*z - 158 = -1411, 0 = -i*q + 2*z + 3773. Is q composite?
False
Let a = 2579 + -1524. Suppose -2*i = -2*d + 2907 - 767, -i = 2*d + a. Let m = 1784 + i. Is m composite?
False
Let u(s) = 89*s**3 + 22*s**2 - 28*s - 2. Is u(11) composite?
False
Let p(m) = 45*m - 42. Let w be p(12). Let v = w + -117. Is v a composite number?
True
Let w(h) = 4252*h - 1057. Is w(18) a prime number?
True
Suppose -425121 = -s + 4*m, -3*m + 2125697 = -1023*s + 1028*s. Is s a prime number?
False
Suppose -14*i + 33*i - 38 = 0. Suppose 689 - 103 = i*n. Is n a composite number?
False
Suppose -3*x + 15*x = 422556. Suppose 86521 = 4*o + x. Is o composite?
True
Suppose y - 3*t = 39, -4*y = -0*t - 2*t - 196. Let s(x) = 2*x**3 + 16*x**2 + 10*x - 8. Let u be s(-9). Let b = y - u. Is b prime?
True
Let a be 40183/(-13) + -1 + 1. Let g = 4832 + a. Is g prime?
True
Is 81526 - 2 - ((-132)/(-11) - 15 - 0) a prime number?
True
Let l(k) = -2*k + 11. Let a be l(3). Suppose a*y + 38665 = -44120. Is ((-24)/(-27))/(-4) + y/(-27) a composite number?
False
Let a(r) = -244*r + 140. Let l be a(7). Let p = 6997 + l. Is p prime?
False
Let i = 18 - 14. Suppose 0 = 4*b - 2*k - 6 - 4, -5*b = -i*k - 11. Suppose 4*y - 1301 = -3*v, -y + 5*v + 1277 = b*y. Is y composite?
True
Let j(c) = 50113*c + 94. Is j(3) a composite number?
True
Suppose 4*r - 4*y - 3834954 = 31486, -9 = -3*y. Is r prime?
True
Suppose 3*p = 4*z + 15, -5*z - 4*p - 5 = -25. Suppose -2*n = -1 - 5. Suppose 3*l - 3*d - 9624 = -0*l, -n*l - 4*d + 9589 = z. Is l composite?
False
Let g = -12 + 0. Let j be (-9)/(-6)*8/g. Is (j - 10)*(-100 - 1) a prime number?
False
Let m = -954 - -956. Is (m - (-27881)/(-14))/((-1)/2) prime?
False
Let j = 98 + -95. Is j/8 - 910175/(-280) composite?
False
Suppose 7382765 + 8725678 = 152*i - 35*i. Is i prime?
False
Is 2 + ((-3229284)/(-9) - (140/(-21) - -7)) prime?
True
Let l(h) = -420*h + 299. Let f = 382 - 390. Is l(f) a prime number?
True
Suppose 37*l = -6*l - 344. Is (-1004)/2*68/l a composite number?
True
Let y be ((-12)/5)/(27/(-135)). Is 0 + 1/2*119544/y composite?
True
Let m(l) = l**2 - l - 2. Let t(b) = -3*b**2 + b + 4. Let g(y) = -5*m(y) - 2*t(y). Let u be g(-2). Suppose 3*n + 2*n - 95 = u. Is n a prime number?
True
Let v = 1124 - 446. Let i = v + 34601. Is i a prime number?
True
Suppose 5*z = 6*z - 8823. Let l = z - 5026. Is l composite?
False
Let p be 6/(-12) + (-89)/(-2). Let b = p + 6. Let l = b - 44. Is l a composite number?
True
Suppose -37*k - 14128 = -41*k - 4*y, 3*y = 9. Let t = 3592 + k. Is t a composite number?
False
Let c = 63 - 77. Let z be 4 + (21/49 - 18250/c). Suppose -662 = -2*o + z. Is o a prime number?
False
Let g(f) = -102*f + 19. Let a(u) = 306*u - 57. Let b(l) = 2*a(l) + 7*g(l). Is b(-26) a prime number?
True
Suppose -180762 = -4*o - d + 64513, 4*o - d - 245277 = 0. Is o composite?
True
Let h = -760774 - -4817937. Is h a prime number?
False
Suppose 0 = 23*m - 19*m + 28. Is (1480/16 - m)*(1 - -1) a prime number?
True
Let k = -15709 - -16236. Is k a prime number?
False
Suppose -3*g + 9 = 0, 0 = -v + 2*g + 39 - 147. Is -1 - 65/2*v composite?
True
Suppose 0 = 2*q + 37 + 23. Let z be ((-3)/q*16)/((-4)/(-20)). Suppose 3755 = z*o - 3597. Is o composite?
False
Suppose -21*y + 2*y = -22*y + 330873. Is y prime?
True
Let t be 2/1*(65/(-10) - -3). Let s(m) = 28*m**2 + 15*m - 8. Is s(t) composite?
False
Suppose -5*s = 2*x + 67 - 560, 4*x = -s + 95. Suppose 10*z - 151 - s = 0. Is z composite?
True
Suppose -2*l - 8578 = 780. Let k be (-2)/(-18) + 434693/63. Let v = k + l. Is v a prime number?
True
Let k(v) = -2*v**3 + 127*v**2 + 55*v + 288. Is k(59) a prime number?
False
Let v = 498 - 283. Let i = v + 381. Let c = i - -917. Is c prime?
False
Let y(l) = 402*l**2 + 50*l + 69. Is y(-19) prime?
True
Suppose k = -k + 768. Suppose 0 = -k*q + 380*q + 14876. Is q a composite number?
False
Let w(y) = 208*y - 2. Let k be w(5). Let m(c) = c**2 - 6*c - 157. Let p be m(-10). Suppose -p*g = -k + 141. Is g a composite number?
True
Let f(q) = 27*q**2 + 783*q - 43. Is f(28) prime?
True
Let u = 23 + -32. Let c(d) be the third derivative of d**6/120 + d**5/5 + d**4/6 - 2*d**3/3 - 31*d**2. Is c(u) a prime number?
False
Let i = -110 - -108. Is (-2033824)/(-48) - i/(-6) a prime number?
False
Is 180664 - ((-2)/(-10) - 3 - 20/100) composite?
False
Suppose -10 = -2*y, 3*y + 4554 = h - 5120. Suppose 2*t - 4872 = 4*x, h = 4*t - 3*x + 6*x. Is t a prime number?
False
Suppose -3*x + 144 = -6*x + 2*v, 3*x + 135 = 5*v. Let o = -34 - x. Let s(l) = 8*l**2 - 13*l - 39. Is s(o) prime?
True
Let x be (2 + 181)/(((-27)/20)/9). Let l = -229 - x. Is l composite?
False
Let y = -46619 - -89463. Suppose -54*p = -58*p + y. Is p prime?
True
Let o = -33157 - -68054. Is o a composite number?
False
Suppose 1057594 + 1658456 - 380211 = 3*p. Is p prime?
False
Let l be (-1)/((-496)/(-164) + -3). Let j = l + 40. Let r(x) = -129*x - 2. Is r(j) composite?
False
Let f = 87 - 130. Let z = 170 + f. Suppose -7*c - z = -8*c. Is c composite?
False
Suppose 5*f + 4798 = 2*q + 2*f, 2*f + 2398 = q. Let z = 9189 - q. Is z a prime number?
False
Let g(y) = 56*y - 34. Let l(b) = b**3 + 9*b**2 + 8*b. Let w be l(-8). Suppose w = 2*c + 3*h - 17, 3 = c - 5*h + 1. Is g(c) prime?
False
Suppose -6*b + 29756 = 4*f - 4*b, b = -4*f + 29754. Suppose -6391 = -5*q + 3*i + f, 2*q + 4*i = 5542. Is q composite?
False
Is 4*(-6 + ((-244728)/(-32) - 5)) prime?
False
Let x = -412512 + 1312354. Is x a composite number?
True
Let m(k) be the second derivative of 61*k**5/20 - k**4/3 - k**3/2 + 3*k**2/2 + 6*k + 14. Let r be 0/(-4 - -2) - -2. Is m(r) prime?
False
Suppose 925 - 2663 = 11*z. Let v = 961 - 646. Let f = z + v. Is f composite?
False
Let v be (5/10)/(100/24 + -4). Is -2 + 16/12 - (-13685)/v composite?
False
Let g(i) = -2247*i - 1312. Is g(-5) a prime number?
True
Suppose 0 = -5*v - n + 178147 + 202889, 0 = 4*v - 5*n - 304823. Is v a prime number?
True
Suppose -22844 - 9608 = 14*y. Let p = 203 - y. Is p a composite number?
False
Suppose 127*k - 356340 = 114703. Is k a prime number?
True
Let h(i) = -9*i + 67. Let r be h(8). Is (-82191)/(-6)*(7 + r) prime?
True
Suppose -374*z = -371*z + 6357. Let d = -477 - z. Is d composite?
True
Let l(b) = -4*b**3 - 145*b**2 - 48*b + 265. Is l(-42) a prime number?
True
Suppose -88204 + 510049 = 15*f. Let c = f - 16926. Is c a composite number?
False
Suppose -5*q + 719826 = 3*i, 12*i - 13*i - 2*q + 239941 = 0. Is i a composite number?
False
Let k = 1 + -8. Let d(u) = -8*u - 54. Let t be d(k). Is (-5)/20*t*-2930 a 